+ 5. Let h be l(5). Let u be (-1)/((-1)/3 - 0). Let t(j) = -h*j**2 - 5*j + j + u*j. Determine t(-1).
-4
Let s = 10 - 13. Let t(h) = h**3 + 2*h**2 - 4*h. Determine t(s).
3
Let r = -7 + 12. Let k(d) = -d - 5. Let b(u) = u + 4. Let n(s) = 4*b(s) + 3*k(s). Calculate n(r).
6
Let b(u) = -u**2 + 6*u - 3. Let j(m) = -m**3 + 6*m**2 - 6*m - 1. Let q be j(4). Suppose q*w = 4*w + 18. What is b(w)?
-3
Let l(t) = 17*t - 1. Suppose 0 = -4*b - 5*a + 29, -a + 0*a + 9 = 4*b. Determine l(b).
16
Let z be 11/(231/6) + (-26)/(-7). Let y(n) be the third derivative of -n**2 + 1/120*n**6 + 1/2*n**3 + 0 - 1/24*n**z + 0*n + 1/15*n**5. Give y(-4).
7
Suppose 0 = 4*t - 3*t - 1. Suppose 2*o - 7*o = 0. Let z be 0 + (t - o)/(-1). Let d(i) = -8*i. Give d(z).
8
Let n = 7 + -4. Suppose -5*o - n = 4*c - 18, -3*c + 12 = 4*o. Let g(b) be the second derivative of b**4/12 - b**3/6 + 3*b**2 - 19*b. Determine g(c).
6
Let f(h) = 3*h**3 + h. Let u be f(-1). Let t(g) be the third derivative of g**5/60 + g**4/4 + g**3/2 - g**2. What is t(u)?
-5
Let s(f) = 5*f - 1. Suppose 8 = 2*j - 4. Suppose 0 = 3*z - 6. Let w be (3/9)/(z/j). Determine s(w).
4
Suppose -5*h = -23 - 7. Let i(u) = -4 + h - 1 + 4*u**2 - u. Determine i(1).
4
Let w(t) = t**3 + 12*t**2 + 12*t + 12. Let m be w(-11). Let h(d) = 8*d**2 + d - 1. What is h(m)?
8
Let v(r) = r + 5. Suppose 3*c - 1 + 19 = 0. Let p be v(c). Let g be p - ((-1 - 1) + 5). Let n(a) = -2*a - 6. What is n(g)?
2
Let s(w) be the first derivative of 4*w**3/3 - 2*w**2 + 3*w + 19. Give s(2).
11
Let j(o) = 2*o**2 - 7*o - 1. Let w be (12/9 + -1)/(13/234). Give j(w).
29
Let l(j) = 3*j + 3. Let w(s) = -s - 17. Let m be w(-15). Calculate l(m).
-3
Let f(r) = -r - 7. Let l be f(0). Let v = -8 - l. Let m(q) = -11*q**3 - q**2 - q - 1. Give m(v).
10
Let j(h) = 4*h**3 + 2*h**2 + 6*h - 8. Let u(p) = p**3 + p**2 + p - 1. Let z(o) = -j(o) + 5*u(o). Suppose 11*g + 2*g = -52. Determine z(g).
-9
Let l(n) = 28*n - 24. Let k(g) = g - 1. Let s(u) = -24*k(u) + l(u). Give s(1).
4
Let b(z) = -5*z**3 + 7*z**2 + 5*z - 2. Let v(f) = -3*f**3 + 4*f**2 + 3*f - 1. Let h(m) = -4*b(m) + 7*v(m). Let j(x) = -2*x**2. Let n be j(-1). Determine h(n).
7
Let p(s) = s**2 + 7. Let f be -4 + 6 - (-2 + 2). Suppose -3*b - 15 = -5*t + f*b, -2*b + 2 = 0. Suppose -z = t*z. What is p(z)?
7
Let b(t) = -t**3 - 5*t**2 - t + 2. Let u be -7 - (0 - (1 - -2)). Calculate b(u).
-10
Let c(a) = a**2 - 2*a + 1. Let u be (-1)/((-9)/11) - (-4)/(-18). What is c(u)?
0
Let r(a) be the third derivative of -a**5/15 + a**4/12 + a**3/6 + 11*a**2 - 4. Give r(-1).
-5
Let k(o) be the first derivative of o**2/2 - 7*o - 9. Determine k(3).
-4
Suppose 2*w - 3*w = 0. Let d(o) be the second derivative of o**4/12 + o**3/6 + 5*o**2/2 - 6*o. Calculate d(w).
5
Let n(k) be the second derivative of k**3/6 - 9*k**2/2 - k. Let y be (-4 - (-76)/16)*8. What is n(y)?
-3
Let g be -5 + 16 + 1 + 1. Let j = 16 - g. Let n(x) = -x**3 + x**2 + 3. Determine n(j).
-15
Let m(q) = -q**2 + 8*q + 6. Let x = -114 - -124. Calculate m(x).
-14
Let g(t) = 2*t**2 + 8*t + 5. Let w be g(-4). Let i(m) = -m**2 + 5*m + 4. What is i(w)?
4
Let m(i) = 1. Let w(b) = -b**2 + 5*b - 12. Let o(p) = 6*m(p) + w(p). Let x(l) = l**2 - 2*l + 2. Let c be x(3). Determine o(c).
-6
Let r(b) = b**2 - 4*b - 5. Let i = -44 + 49. What is r(i)?
0
Let d(u) = u + 3. Let r(b) = b + 4. Let w(p) = -3*d(p) + 2*r(p). Let t = -10 - -5. Give w(t).
4
Let v(f) = -f + 3. Let l = -7 - -7. Suppose x + 3*s + s - 3 = l, 4*s = 0. What is v(x)?
0
Let i(x) = 2*x**3 - 2*x**2 + x - 1. Suppose 9 = -4*o + 17. Calculate i(o).
9
Let z(j) = 3*j - 42. Let l be z(16). Let k(s) = 4*s**3 - 9*s**2 - 3*s. Let w(q) = 5*q**3 - 10*q**2 - 4*q - 1. Let n(u) = 4*k(u) - 3*w(u). Calculate n(l).
3
Let r = 1 + 0. Let m(k) = 2 + k**3 - r + 6*k**2 + 4*k**2 - 4*k**2 - k. Determine m(-6).
7
Suppose 2 + 4 = c. Let a(d) be the second derivative of -d**4/12 + 7*d**3/6 - 7*d**2/2 - d. Let o be a(c). Let h(u) = -3*u**2 + 2*u + 1. Calculate h(o).
-4
Suppose 0 = 2*n - l + 1, -l = -2*n - 5*l - 26. Let u(k) = -k**2 - 4*k - 4. Give u(n).
-1
Let m(z) = 6*z + 2. Let r(v) = -v. Let j(l) = m(l) + 2*r(l). Let c be 1 + 4 + -2 + -1. Let s = 0 + c. What is j(s)?
10
Suppose f + t + 3 - 13 = 0, 5*f + 4*t = 46. Let i(a) = -2 - 7*a**2 - a**3 - 3 + 5 - f*a + 3. Let z be i(-6). Let r(y) = y + 4. Give r(z).
7
Let c(p) = p**2 - 5*p - 4. Let b(g) = -g**2 + g + 2. Let u(y) = -3*b(y) - c(y). Suppose 0 = d - 0*d + 3. What is u(d)?
10
Let q(o) be the second derivative of -o**3/2 + 3*o**2 + 2*o. Let j be ((-4)/(-1))/(3/(-6)). Let i be (j/6)/((-1)/3). Determine q(i).
-6
Let z(x) = x**3 + x**2 - 3*x + 3. Let r(h) = -h + 6. Let d(u) = 2*u - 12. Let i(f) = -2*d(f) - 5*r(f). Let l be i(8). Calculate z(l).
9
Let h(d) = 2*d + 5. Let g be h(-3). Let o(w) = -1 - w + 2 - 3. Calculate o(g).
-1
Let x(q) be the third derivative of -q**6/120 + q**5/10 + 5*q**4/24 + q**3/6 - 3*q**2. Determine x(7).
-13
Let b be ((-9)/(-18))/((-2)/20). Let s(t) = -t**3 - 6*t**2 - 3*t. Give s(b).
-10
Let w(q) = -q**3 - q**2 - q - 4. Let c(n) be the first derivative of -n**4/2 - n**3/3 - n**2 - 5*n + 2. Let f(y) = -2*c(y) + 3*w(y). Calculate f(2).
4
Suppose -4*q + 6 = -3*j + 1, 6 = 4*q - 2*j. Let k(g) = 7 - 4 + 4*g - q*g + 4. Give k(-6).
-5
Let k(y) = 4*y + 9 - 5*y - 1 - 2. Calculate k(0).
6
Let n(q) = -2*q - 7. Let c(o) = -o - 3. Let p(g) = -5*c(g) + 2*n(g). What is p(-4)?
-3
Let m(y) be the second derivative of y**5/20 - y**4/2 - y**3 + 7*y. Calculate m(7).
7
Let l = 2 - -1. Let j(r) = -r**2 + 0*r - 2*r + l + 5*r + 2*r. Give j(5).
3
Let q(i) be the third derivative of i**7/840 - i**6/120 - i**5/24 + i**4/12 - 5*i**3/6 + 9*i**2. Let g(l) be the first derivative of q(l). Give g(4).
-2
Let v(s) = s**2 - 2*s + 1. Let x(l) = l**3 - 2*l**2 - 4*l - 4. Let m(h) = -6*v(h) + x(h). Let c = -18 - -25. Give m(c).
-3
Let v(g) = -3*g + 18. Let h(t) = -t + 6. Let p = 8 + -11. Let m(x) = p*v(x) + 8*h(x). Determine m(5).
-1
Let t(b) = 8*b - 4. Let l be t(1). Let j(f) be the third derivative of 2*f**2 - 5/24*f**l + 0*f + 1/2*f**3 + 0. Calculate j(2).
-7
Let k(c) = -4*c**2 + 8*c + 12*c**3 - 15*c - 11*c**3 - 2 + 11*c. What is k(4)?
14
Let j(o) = o**2 - 10*o + 23. Let h be j(7). Let n(v) = 3*v**3 - 3*v**2 + 2*v - 3. Calculate n(h).
13
Let f(g) = 23*g - 1. Suppose 2*y + 4*z = 14, 0*y - z = -2*y - 1. What is f(y)?
22
Let n(b) be the first derivative of -b**3/3 - 2*b**2 + b + 1. Let y = 3 + 0. Suppose 8*w + 5*g = y*w - 30, 16 = -4*w - 2*g. Give n(w).
5
Let m(i) be the second derivative of i**3/6 - 3*i**2 - 12*i. Let z(x) = x**3 + 4*x**2 + 3*x + 4. Let a be z(-3). What is m(a)?
-2
Let s(h) = h + 4. Let r(o) = o + 9. Let m be r(-13). What is s(m)?
0
Let f(y) = -2 - 2 - 2*y**2 + y**2 + 0*y**2 + 8*y. Let w be f(7). Let z(m) be the first derivative of -m**2 + 4*m + 2. Calculate z(w).
-2
Let i(p) = -3 - 2*p + 2*p + 2 - 5*p - 2*p**2. Let y(b) = b**2. Let c(n) = -i(n) - 3*y(n). Give c(5).
1
Let s(v) = -v**2 + v - 6. Let i = 50 - 50. Give s(i).
-6
Let s(x) = x**3 + 2*x + 3. Let f be s(0). Let h(q) = -q**2 + q. Give h(f).
-6
Suppose -2 = -m - 2*a, -24 = 3*m - 5*a + 3. Let w(i) = 2*i. What is w(m)?
-8
Let c(a) = 5*a**3 - a**2 + 13*a + 12. Let l(m) = -2*m**3 + m**2 - 6*m - 6. Let d(v) = -3*c(v) - 7*l(v). What is d(-4)?
-6
Suppose 7*a = 2*m + 2*a - 25, 3*m - 4*a - 27 = 0. Let d = 4 - 4. Let r(b) = -4 + b + d - 3. Determine r(m).
-2
Let m(t) = 28 - 4*t - t**2 - 18 - 6. What is m(-4)?
4
Let t(b) = b**3 + 7*b**2 - 4. Let u = 12 - 19. Determine t(u).
-4
Let g(l) = -5*l + 1. Let p(x) = -6*x + 2. Let a(q) = 5*g(q) - 4*p(q). Let n = -1 - -1. Suppose n = -s + 2*s + 3. Calculate a(s).
0
Let u(i) be the first derivative of -i**4/4 + 2*i**3 - 2*i**2 - 3*i + 2. Suppose -3*l - 5 = -4*n, 0 = 4*l - 3*n + n - 10. Calculate u(l).
2
Suppose p = 2*c, 3*c - 2*p + 3 = 2*c. Let w(n) = 9*n**3 - n + 1. What is w(c)?
9
Let t = 2 + 0. Let l(o) be the first derivative of o**4/2 - o**3/3 - 2*o**2 + 2*o - 1. Let u(q) = q**3 - q**2 - 1. Let v(f) = l(f) - u(f). Calculate v(t).
3
Let u be (-10)/(-3)*(2 - -1). Suppose 5*p = u*p + 15. Let c(a) be the first derivative of -a**3/3 - 2*a**2 - 1. What is c(p)?
3
Let l(p) = -14*p + 1. Let s(f) = -f**3 - 4*f**2 + 4*f - 6. Let q(j) = -4*j**2 - 1. Let i be q(1). Let k be s(i). Determine l(k).
15
Let l(t) be the first derivative of